 8. Suppose -4 = -k*g + 2, -l = -g - 93. What is the tens digit of l?
9
Suppose k - 5*a - 17 = 0, -6*k + 2*k = 3*a + 1. Suppose k*g - 4*g = 4*f - 20, 0 = 4*g - 16. What is the tens digit of (1 - f)/(-2) - -99?
0
Let p = -14 + 16. Suppose -p*a + 20 = -14. What is the units digit of a?
7
Let j be (-6324)/(-15) + 8/20. Let o be 6 + -9 - (-2 + -1). Suppose -6*x + 226 + j = o. What is the hundreds digit of x?
1
Let p = -31 + 31. Let r be (p/(-1))/(-3*1/3). What is the tens digit of 65 + 4 + r/1?
6
Let q = 37 + -34. Suppose x = 3*h - 142, 3*h + h = q*x + 196. Suppose -5*k = -4*j - 120, 0 = -0*k + 2*k - 2*j - h. What is the tens digit of k?
2
Suppose -a = -6*a + 115. Suppose -11*c = -177 + a. What is the tens digit of c?
1
Suppose -3*v + 4*s = -17, -4*v - 4 = 5*s - 6. Suppose -2709 = v*z - 6*z. What is the tens digit of z?
0
Suppose 35 = 2*l - 19. Suppose -9*d + 20 = -5*d. Suppose -d*g + o - l + 282 = 0, 2*g = -5*o + 102. What is the tens digit of g?
5
What is the thousands digit of (909/(-12))/(((-2)/(-15))/((-25272)/405))?
5
Let f be (24/10)/1*10. Let g = f - -401. What is the units digit of g?
5
Suppose -4*i = -j - 9, -3*j - 4*i + 35 = 14. Suppose 5*w = -j*w + w. Suppose 2*t + 4*b = -0*b + 240, w = 4*t - 2*b - 440. What is the hundreds digit of t?
1
Suppose -88*c + 4501535 + 52847 = 34*c. What is the units digit of c?
1
Suppose 304 = 10*k - 2*k - 4*k. What is the units digit of k?
6
Let j(g) = 81*g**2 - 11*g - 9. What is the thousands digit of j(6)?
2
Suppose -42*m + 7*m + 552738 = -m. What is the hundreds digit of m?
2
Suppose -83*r = -95*r. Suppose -3*t - 3*i + 3849 = r, 0 = -t + 3*i + 1066 + 229. What is the tens digit of t?
8
Let o = -427 + 445. Let c = -11 + 15. Suppose 0 = 2*n, 18 = c*b + n - o. What is the units digit of b?
9
Let j be (0/(-3))/(5/(-5)). Suppose j = 4*i + 3*i - 21. Suppose -4*y + 5*p = 5 - 1, 0 = -y + i*p - 8. What is the units digit of y?
4
Let s(q) = -2*q. Let k be s(0). Suppose -p + k*p = 10. What is the tens digit of ((-104)/p)/(3/(-5) - -1)?
2
Suppose -5*p + 5*t = -125345, -1868*p + 2*t = -1865*p - 75216. What is the tens digit of p?
7
Let d = 3854 + 2218. What is the tens digit of d?
7
Let g(l) = -l**2 + 3 + 5 + 36*l - 2*l**2 + 0. What is the units digit of g(12)?
8
Suppose 294*q - 4037709 = 2394423. What is the thousands digit of q?
1
Suppose -19*y = -14*y. Suppose y = -12*u + 169 + 35. Let c = u + 32. What is the tens digit of c?
4
Let r = -305 + 344. Let m = r - -822. What is the hundreds digit of m?
8
Let s(l) = 1176*l**2 - 56*l - 333. What is the hundreds digit of s(-5)?
3
Suppose 339 = -6*x + 1389. Let a = x - 161. What is the units digit of a?
4
Let r(t) = 18 - 3 + 13*t - 20*t - t**2. Let g be r(-8). Suppose y + g*y = 384. What is the tens digit of y?
4
Suppose -16*h + 2*b = -12*h - 492, -4*h - 2*b = -508. Let c = h + -105. What is the tens digit of c?
2
What is the units digit of (-1554)/(-1998)*(-2 - -13943)?
3
Let q(a) = -589*a + 2. Let z be q(-2). Suppose -15*p + 20*p = z. Suppose -56 = -4*k + p. What is the units digit of k?
3
Suppose -3*c - 2*g = -5981, 1697 = 5*c + 2*g - 8274. Suppose -5*q + 8*q = c. Suppose 0 = 5*f + j - q, 3*j + 213 = 4*f - 338. What is the units digit of f?
4
Let p = 493 - 421. Suppose -3*t + t = 132. Let f = t + p. What is the units digit of f?
6
Let b(p) = 39*p + 183. Let g be b(-5). What is the tens digit of (2 + -1)/(g/(-15588))?
9
Let a = -48667 - -72949. What is the tens digit of a?
8
Let y(l) = l**2 - 29*l + 102. Let o be y(25). Suppose -o*j = -3*u + 3*j + 1535, -u + 530 = 2*j. What is the units digit of u?
0
What is the thousands digit of (34/(-3))/(31850/(-7959) + -12 + 16)?
6
Let x(m) = -5*m**2 - 2*m**2 + 27*m**2 + 7*m + 111 + 10*m. What is the units digit of x(-6)?
9
Let y(n) = -n**3 - 9*n**2 - n + 6. Let a be y(-9). Suppose 0 = -a*i + 5*i. Suppose i = h + 4*c - 48, 3*h = 3*c + 16 + 143. What is the units digit of h?
2
Let n = -147 + 134. Let o(v) = -v**3 - 8*v**2 + 13*v + 3. What is the tens digit of o(n)?
7
Let v(a) = -a**2 - 29*a + 16. Suppose 81 - 21 = -4*f. Let d be v(f). Suppose -4*r - 595 = -5*j, -4*r + 0*r - d = -2*j. What is the hundreds digit of j?
1
Suppose -827 = -6*u - 917. Suppose -3*b + 1 = -4*b. What is the tens digit of (b + (-14)/6)*(-3 + u)?
6
Let s(h) = 23*h + 142. Let j be s(-6). Suppose -20 = x + 4*x, -j*x + 218 = 3*k. What is the tens digit of k?
7
Let y(f) = 8*f**3 + 4*f**2 - 4*f. Let q be y(3). Let a = q - 126. What is the tens digit of a?
1
Let b be 5/(135/497 - (-34)/(-119)). Let g = 551 - b. What is the tens digit of g?
0
Suppose 4*k - 75860 = -2*n, -2*k + 19578 = 5*n - 18352. What is the tens digit of k?
6
Suppose -44*h = -6*h - 228. What is the units digit of (-4)/(-2) - -717*4/h?
0
Let o(u) = 7800*u + 1202. What is the tens digit of o(1)?
0
Let n = -10325 - -21703. What is the hundreds digit of n?
3
Let j(z) = 18*z**2 - 317*z - 463. What is the thousands digit of j(-22)?
5
Let j(a) = -14*a + 74. Let v be j(5). Suppose -v*u + 5*i + 345 = 0, -2*u + 168 = -18*i + 20*i. What is the units digit of u?
5
Let g = 324 - 321. Suppose 0 = -5*a + 2*w - 0*w + 528, 0 = -g*w + 3. What is the tens digit of a?
0
Let h = 71 - 36. Let a = -33 + h. Suppose 8*y - 384 = a*y. What is the units digit of y?
4
Suppose -14*o + 9 = -5*o. Let x(b) = 500*b**3 + 2*b**2 - 3*b + 2. What is the units digit of x(o)?
1
Let i be (-10)/(-20) + 4689/2. Suppose -48*m + 41*m = -i. What is the hundreds digit of m?
3
Suppose 2*l = -4*f + 23936, 17*l - 16*l + 4*f = 11956. What is the units digit of l?
0
What is the units digit of 2*(-6)/(-20)*6850620/252?
1
Suppose -6019 = -15*l - 739. Suppose 20*g = 18*g + l. What is the hundreds digit of g?
1
Suppose -2579688 + 3503800 = 289*s - 5310774. What is the hundreds digit of s?
5
Let s = 110 - 116. Let a(m) = -7*m**3 - 11*m**2 + 6*m + 9. Let z(w) = -10*w**3 - 17*w**2 + 9*w + 13. Let g(l) = 7*a(l) - 5*z(l). What is the tens digit of g(s)?
8
Suppose 3276 = 9*n - 738. Suppose 606 + n = 4*t. Suppose 2*r - z = -0*r + t, -2*z = 5*r - 653. What is the units digit of r?
1
Suppose 0 = 3*v - 5*h - 276, -266 = -2*v + h - 75. Suppose 4 = 2*y - 4*g, -41 = 4*y + 4*g - v. Suppose 158 + 22 = y*a. What is the tens digit of a?
1
Let w(n) = 7*n**3 - n**2 + 8*n + 8489. What is the tens digit of w(0)?
8
Suppose 3*v - 89193 = -11*v - 25703. What is the units digit of v?
5
Let c(r) = 585*r**3 + 6*r**2 + 12*r. Let p be c(3). Suppose 25*v + 1235 = p. What is the tens digit of v?
8
Suppose m + 3435 = 2*j + 1181, -j = -2*m - 4511. What is the thousands digit of ((-21)/28)/(1/m)?
1
Let h(d) = 258*d**2 - 2*d + 3. Suppose -5*t - 5*s + 25 = -10*s, 3 = -5*t - 2*s. What is the hundreds digit of h(t)?
2
Let g = -181 - -257. Let v = -52 + g. What is the hundreds digit of (16/v)/(6/1521)?
1
Suppose -2*a = -4*b - 24872, -26 = -2*b - 32. What is the ten thousands digit of a?
1
Let i be (-3)/18*2*-261. Let u = i + -95. Let f = 63 - u. What is the units digit of f?
1
Let n(v) = 5074*v**2 + 17*v + 38. What is the thousands digit of n(-2)?
0
What is the hundreds digit of 26/6*(-1568)/16*-36?
2
Suppose 3*o = -o - 200. Let t = o + 53. What is the units digit of 8/t*798/19?
2
Suppose -5*s + 110 = 5*g, -5*s = -5*g - 0*g + 90. Let o be 5292/g + (-12)/(-30). Suppose 0 = -9*x + 4*x + o. What is the units digit of x?
3
Let j(o) = -9*o + 11. Let x(b) = -b**3 - 7*b**2 + 8*b + 9. Let u be x(-8). Let g be j(u). What is the tens digit of (-12)/10*(-2)/(-8)*g?
2
Suppose 9 = r + 15. Let k be (-4 + (-50)/r)*-39. Let a = k - -357. What is the hundreds digit of a?
1
Let k(j) = 7*j**3 - 4*j**2 + 80*j + 46. What is the thousands digit of k(9)?
5
Let p be (-4)/((-45176)/9032 - -5). Suppose -4*i - 1784 = 5*m - 9*m, 5*m - p = -2*i. What is the tens digit of m?
5
Let b(u) = 39*u**2 + 4*u + 15. Let p be b(-6). Suppose -5*s + p = 320. What is the hundreds digit of s?
2
Let d(p) = 14*p - 802. Let q be d(38). Let w(s) = s**3 - s + 4. Let g be w(0). What is the units digit of (9/(-2) + g)*q?
5
Let o(j) = -5*j**3 + j**2 + 2. Let p(r) = 4*r**3 - 2*r**2 + r - 3. Let u(k) = -4*o(k) - 3*p(k). Let b be u(1). What is the tens digit of (1365/26)/(6/b)?
7
Let o = 44 - -228. Let h = 231 + -398. Let x = o + h. What is the tens digit of x?
0
Let f = 23 + -23. Suppose -5*t + 5 + 15 = f. Suppose 0 = -3*q - 4*a + 310, -3*q